*y = -0*y - 2*i - 4. Suppose 1956 = -z + y*z. Suppose 3*m = -m + z. Is m a composite number?
False
Let t = 7 + 69. Suppose -2*q - s + t = -q, 0 = 5*q + 2*s - 365. Is q prime?
True
Suppose 4 + 4 = -4*d. Let l = 93 - 132. Let f = d - l. Is f prime?
True
Let w = 47 - -71. Is w a prime number?
False
Let a(q) = -12*q**3 + 6*q**2 - 7*q + 6. Let l be a(3). Let u = 108 - -310. Let s = u + l. Is s prime?
False
Let q(k) = -14*k + 1. Is q(-9) prime?
True
Suppose 0 = 5*f + 2*l - 17, 3*l + 0*l = -f + 6. Suppose 0 = -5*u + i + 497, -2*u - 4*i - 107 = -f*u. Suppose 3*z - u = -24. Is z a composite number?
True
Let p be (-3)/9*0/1. Suppose 0 = 4*h - r - 147, -170 = -5*h - 3*r + 7*r. Suppose -h + p = -2*g. Is g a prime number?
True
Suppose -z - 3*c - 232 = -3*z, 0 = 3*z - 5*c - 347. Is z composite?
True
Suppose 8*s - 949 = 1731. Is s a composite number?
True
Let r be -2*(-3)/(-9)*3. Let x be r/(-2) - (-188)/(-4). Let k = x - -111. Is k a composite number?
True
Suppose -103 = r - 2*r. Let k = 42 + r. Is k prime?
False
Suppose -86 = -k - 3*n + 73, 0 = -4*k - n + 636. Is k prime?
False
Suppose -4*d = d - 15. Let f = 644 - 1124. Is (-1)/d + f/(-9) a composite number?
False
Let l = 2398 - 269. Is l a composite number?
False
Suppose 5*n - 4*n = 0. Let a(o) = -o**2 + 0 + 6 + 0 + 6*o + n. Is a(6) a prime number?
False
Suppose -c + 5*q = -15, -2*q - 9 + 3 = 5*c. Suppose c = -4*d + 191 + 389. Is d composite?
True
Let l = 64 + -9. Suppose 3*o = -2*o + l. Is o a prime number?
True
Suppose 4*c = -3*x + 5, -3*c + 7*c = x + 9. Suppose -y + 29 = 3*b, -c*y + 47 = y + b. Is y a composite number?
True
Suppose 0 = l + v + 2, -6 = -3*l + v - 16. Let y(m) = 3*m**2 + 0*m**2 + 2*m + 4 + 2*m. Is y(l) composite?
False
Suppose g - 2 = 6. Let j be 226/g - 4/16. Suppose 2*n + 60 = 2*w - 2*n, j = 2*w + 4*n. Is w prime?
False
Let x(a) be the third derivative of -5/24*a**4 + 4/3*a**3 - 2*a**2 + 1/120*a**6 + 0 - 1/12*a**5 + 0*a. Is x(6) a composite number?
True
Suppose 5*t + 3183 = 8*t. Is t a composite number?
False
Suppose -3*x - x = j, 5*x + 15 = -5*j. Let u be ((-2)/(-6))/(x/3). Is 5 - u - (3 + -1) a composite number?
False
Let r = 24 + -12. Let w be (-56)/r - 3/9. Is (-52)/(-1) - (w - -2) a composite number?
True
Is -1 + (36 - 0) + 4 a prime number?
False
Let a be (-273)/(-12) - 3/(-12). Suppose -5*u = -3*o - 19, a = 2*u + 4*o + 5. Suppose b - 37 = -u*r + 2*b, 3*r - 5*b = 31. Is r a prime number?
True
Let b(u) be the second derivative of u**4/6 + 2*u**3/3 + 7*u**2 - 8*u. Is b(10) composite?
True
Suppose 4*c = -g + 1727, g + 3*c = 2*c + 1712. Is g a composite number?
True
Let g be ((-5)/(-15))/(1/12). Let z be (2 + -3)*(-339 - g). Suppose 2*l = 5*b - z, b - 73 = -l - 3*l. Is b composite?
True
Let w(u) = -u**3 - u**2 - 3. Let k(g) = 2*g**3 + g**2 + g + 6. Let m(p) = 3*k(p) + 5*w(p). Is m(4) a prime number?
True
Let p = 257 + 188. Is p composite?
True
Let h(j) be the second derivative of 327*j**5/20 - j**4/12 + j**3/6 - 4*j. Let k be h(1). Suppose t = -2*t - m + 988, 0 = t - 2*m - k. Is t prime?
False
Suppose -v + 70 = -u, v - 43 = 2*u + 30. Is v a composite number?
False
Let z(v) = -v + 48. Let g be z(0). Suppose -2 = -y - g. Let u = y + 103. Is u prime?
False
Suppose 3*n - 286 = 287. Is n composite?
False
Let s be (30/25)/(1/85). Suppose 295 = 4*n - v, -4*n - 3*v = s - 385. Let p = n + -14. Is p prime?
True
Suppose 4 = -4*w, 2*v + 0*w = -w + 37. Let u = v - -3. Is u a composite number?
True
Let m(g) = 3*g**2 - 8*g + 3. Is m(10) a composite number?
False
Suppose -x - 20 = 2*t, 0 = -2*t - 0*x - 3*x - 28. Let a(g) = -g**3 - 8*g**2 - g + 11. Is a(t) a prime number?
True
Suppose -4*j + 2*g = 102, g = -4*j - 3*g - 120. Suppose -v - 6*h = -h + 31, 5*v - 2*h + 74 = 0. Let u = v - j. Is u a composite number?
False
Let q = 427 - 268. Is q*(-3 - -1*4) a composite number?
True
Let d be (-1084)/52 - (-2)/(-13). Let v = 10 - d. Is v prime?
True
Let a = 4706 + -1765. Is a prime?
False
Let c(n) = 5 - 2 - n - 1. Let q be c(0). Suppose 0 = -k - 4, 0 = q*l - 4*l + 5*k + 62. Is l prime?
False
Suppose -4*y + 17 = -3. Suppose x + 76 = y*q - 105, 12 = 3*x. Is q + 2*(1 - 2) prime?
False
Let s(j) = -j**3 + 9*j**2 + 18*j - 13. Is s(9) a prime number?
True
Let y(s) = -44*s + 33. Is y(-7) a prime number?
False
Suppose 2*p = 6*p - 5*v - 929, -4*p + 925 = -v. Suppose 0*d - 5*h + 127 = d, 0 = 5*d + 4*h - 572. Let r = p - d. Is r prime?
False
Let x = 6 + -4. Let j = x + -2. Suppose j = -4*a + 56 + 84. Is a a prime number?
False
Let u be (9/3 - 7) + 4. Suppose 4*c + 0*c - 436 = u. Is c composite?
False
Let d = 14 + -8. Let v = 2 - d. Is (-1110)/(-14) - v/(-14) prime?
True
Suppose -5*w - 3*x + 1999 = 0, -5*w - 2*x + 268 + 1733 = 0. Is w a prime number?
True
Suppose -2*a + 1284 = 5*c - 6985, 0 = -3*c - 5*a + 4950. Is c prime?
False
Suppose -77 = -4*r + 187. Let c = r - 7. Is c composite?
False
Is 4 + 15/12*(1 + 91) a composite number?
True
Suppose -k + 505 - 108 = 0. Is k a composite number?
False
Let b(x) = -x**3 - x**2 - 2*x + 2045. Is b(0) composite?
True
Suppose 6 = -y + 5, -4*u = 2*y - 398. Is u + -2 + -3 + 0 composite?
True
Suppose 0 = 3*a + 2*a - 680. Let t = a + -50. Let l = -51 + t. Is l a prime number?
False
Suppose p - 13 - 1102 = 0. Is p a prime number?
False
Suppose -4*q - d + 235 + 180 = 0, 0 = 2*d - 6. Suppose 5*a - 162 - q = 0. Is a composite?
False
Is ((-787)/(-2))/(16/32) composite?
False
Let o(c) = 7*c**2 + 2*c + 1. Let q be o(-2). Suppose 0 = f - 6*f + q. Suppose 0 = f*b - 6*b + 83. Is b composite?
False
Let r(m) = 783*m + 31. Is r(2) prime?
True
Let o = 1 + -4. Let k be -3 - ((-12)/(-2))/o. Is k/(71/(-35) - -2) composite?
True
Let r be 4 - 3 - 1*-62. Is 7/2*(-5 + r) a prime number?
False
Suppose 0 = f + 1, -i + 4*f = 3*f - 2. Let j = -1 + i. Suppose j = -2*k + 26 + 12. Is k a prime number?
True
Suppose 4*t - 2*b - 840 = 2*b, -4*t - b + 835 = 0. Is t composite?
True
Let s(c) = c**2 - 6*c + 2. Let f be s(5). Let a(p) = -6*p + 1. Is a(f) prime?
True
Let q(x) = x**2 + 2*x + 3. Let d be q(-2). Suppose 5*v + t = 579, -d*t + 123 = v - t. Is v composite?
True
Suppose 4*p - 18 = 3*w, -3*p - p + 16 = -4*w. Let x(m) = 162*m - 5. Is x(p) a composite number?
False
Let u(t) = -4*t + 4. Let k be u(-3). Suppose 4*o = -0*o + k. Suppose l + 447 = 3*r - 3*l, 0 = 4*r - o*l - 596. Is r prime?
True
Is (-3 - (-6183 - -2))/(-5 + 7) a prime number?
True
Suppose 0*m - 2*m + 502 = 0. Is m composite?
False
Let z(v) = 52*v**2 - v. Let b be 3/12 + 3/4. Is z(b) a prime number?
False
Suppose 0 = x + 3*x. Suppose 0 = -x*m + m - 19. Suppose -m = -5*a + 2*l - l, 14 = 3*a + 2*l. Is a a prime number?
False
Let m be (5/(-2))/((-2)/4). Let y be (-1 - -3) + (-6)/(-3). Suppose y*w = 5*l - 673, -l = -m*l + w + 534. Is l composite?
True
Let c(u) = 4*u**3 + 9*u**2 - 3*u + 9. Is c(8) composite?
False
Suppose -11 = -2*i - p + 2*p, 2*p + 4 = i. Let u be (i/(-9))/((-6)/27). Is (-1)/u + 2248/12 composite?
True
Let c(o) = -o**2 + 18*o - 37. Let z be c(17). Let l be 1 + 73 + 0 + -1. Let u = z + l. Is u a composite number?
False
Let t = -251 - -964. Is t a prime number?
False
Let l(d) = -9*d + 7. Let s = -12 - -4. Is l(s) composite?
False
Is 3 + -6 + 466 + 4 a composite number?
False
Suppose -4*l + 5 = -11. Suppose -l*o - 20 = -9*o. Suppose o*s - 21 = 3*s. Is s prime?
False
Suppose z + j = 91, -z = 2*j - 136 + 44. Let q be (-2)/7 - z/(-21). Suppose v = n, 3 = q*v - 5. Is n a composite number?
False
Let d = -267 - -1181. Is d composite?
True
Suppose 0 = 2*p - 0*p - 2. Let j be p/(-2 - 5/(-2)). Suppose -3*i - 8 + j = 0, -5*x + 119 = 3*i. Is x a prime number?
False
Suppose -g = g - 4. Suppose -j + 3*l = -3*j + 26, g*l = 5*j - 46. Suppose j = a - 11. Is a composite?
True
Let l = -29 - -51. Suppose -5 = -r - 3*d, -3*r - 14 = -8*r - 4*d. Is l*1/2 - r a composite number?
True
Let t(o) = -o**3 - 12*o**2 - 4*o + 16. Is t(-15) a prime number?
True
Suppose 5*d + 3*m - 28 = 0, 4*d + 3*m - 18 - 5 = 0. Suppose 5*f - 446 - 309 = -d*c, 2*f - 3*c = 292. Is f prime?
True
Let a(g) = -g**2 - 7*g - 1. Let r be a(-6). Suppose 0 = -r*f + 9 + 1. Suppose 4*x - 14 = -0*x + 2*u, -2*u = f*x - 4. Is x a composite number?
False
Suppose 1548 + 2 = 5*r - 5*y, 906 = 3*r + 5*y. Is r prime?
True
Let u = -25 - -74. Is u a composite number?
True
Let c(l) = -6*l**3 + l**2. Let o be c(-2